{"id":732,"date":"2017-04-05T11:30:23","date_gmt":"2017-04-05T09:30:23","guid":{"rendered":"http:\/\/asztrologiamester.com\/?page_id=732"},"modified":"2021-01-29T10:12:43","modified_gmt":"2021-01-29T08:12:43","slug":"kezdo-kinai-asztrologia-kurzus","status":"publish","type":"page","link":"https:\/\/asztrologiamester.com\/asztrologiamester\/bazi-asztrologus-kepzo\/kezdo-kinai-asztrologia-kurzus\/","title":{"rendered":"Kezd\u0151 K\u00ednai Asztrol\u00f3gia Kurzus"},"content":{"rendered":"<h2 style=\"text-align: center;\"><span style=\"color: #8c0101;\"><strong>Kezd\u0151 K\u00ednai Asztrol\u00f3gia Kurzus Tematik\u00e1ja<\/strong><\/span><\/h2>\n<p><a href=\"http:\/\/asztrologiamester.com\/wp-content\/uploads\/2017\/01\/horoscope-10.gif\"><img loading=\"lazy\" class=\"aligncenter size-medium wp-image-632\" src=\"http:\/\/asztrologiamester.com\/wp-content\/uploads\/2017\/01\/horoscope-10-300x300.gif\" alt=\"horoscope-10\" width=\"300\" height=\"300\" srcset=\"https:\/\/asztrologiamester.com\/asztrologiamester\/wp-content\/uploads\/2017\/01\/horoscope-10-300x300.gif 300w, https:\/\/asztrologiamester.com\/asztrologiamester\/wp-content\/uploads\/2017\/01\/horoscope-10-150x150.gif 150w\" sizes=\"(max-width: 300px) 100vw, 300px\" \/><\/a><\/p>\n<ol>\n<li><strong>Mit mondtak a kliensek a Krisztina Mesterrel val\u00f3 konzult\u00e1ci\u00f3r\u00f3l?<\/strong><\/li>\n<li><strong>F\u00f6ldi \u00e9s Mennyei \u00e1gak<\/strong><\/li>\n<li><strong>Rejtett F\u00f6ldi \u00e1gak<\/strong><\/li>\n<li><strong>Rejtett Mennyei \u00e1gak<\/strong><\/li>\n<li><strong>Rejtett F\u00f6ldi \u00e9s Mennyei \u00e1gak kombin\u00e1ci\u00f3ja<\/strong><\/li>\n<li><strong>Huszonn\u00e9gy Chi<\/strong><\/li>\n<li><strong>Hogyan vizsg\u00e1ljunk meg egy horoszk\u00f3pot?<\/strong><\/li>\n<li><strong>Sap San kreat\u00edv ciklus<\/strong><\/li>\n<li><strong>Sap San ciklusok<\/strong><\/li>\n<li><strong>Mennyei \u00c1gak Sap San ciklusai<\/strong><\/li>\n<li><strong>F\u00f6ldi \u00c1gak Sap San ciklusai<\/strong><\/li>\n<li><strong>12 Palota \u00e9s azok jelent\u00e9sei<\/strong><\/li>\n<li><strong>K\u00f6nny\u0171 m\u00f3dszer az \u00fcres Palot\u00e1k kisz\u00e1m\u00edt\u00e1s\u00e1ra<\/strong><\/li>\n<li><strong>Lap Yang elemek \u00e9s azok jelent\u00e9sei<\/strong><\/li>\n<li><strong>\u00c9leth\u00e1z kalkul\u00e1ci\u00f3k<\/strong><\/li>\n<li><strong>Speci\u00e1lis form\u00e1k<\/strong>\n<ul>\n<li><strong>K\u00f6vesd az ir\u00e1nyt<\/strong><\/li>\n<li><strong>K\u00f6vesd a gyenge vezet\u0151t<\/strong><\/li>\n<li><strong>Chi \u00e1talakul\u00e1s<\/strong><\/li>\n<li><strong>K\u00f6vesd az er\u0151s vezet\u0151t<\/strong><\/li>\n<\/ul>\n<\/li>\n<li><strong>Horoszk\u00f3p p\u00e9ld\u00e1k<\/strong><\/li>\n<li><strong>Hogyan befoly\u00e1solja az \u00d6t elem a karaktert \u00e9s a szem\u00e9lyis\u00e9get?<\/strong><\/li>\n<\/ol>\n<p><strong>Az oktat\u00e1s t\u00f6rt\u00e9nhet kis csoportban \u00e9s\/vagy egy\u00e9ni form\u00e1ban is.<\/strong><\/p>\n<ul>\n<li><strong><span style=\"color: #000000;\">4 alkalmas Webinar\u00a0<\/span><\/strong><\/li>\n<li><strong><span style=\"color: #000000;\">4 alkalmas szem\u00e9lyes online szemin\u00e1rium<\/span><\/strong><\/li>\n<\/ul>\n<p><strong>A tand\u00edj egy\u00e9nileg lesz meg\u00e1llap\u00edtva.<\/strong><br \/>\n<strong> A tand\u00edj egy\u00e9ni meg\u00e1llap\u00edt\u00e1sa miatt ker\u00fclj\u00f6n kapcsolatba az al\u00e1bbi emailc\u00edmen Dr. Neuhauser Krisztina Autentikus K\u00ednai Horoszk\u00f3p Mesterrel.\u00a0<span style=\"color: #0000ff;\"><a style=\"color: #0000ff;\" href=\"mailto:kristina@professionalfengshui.com\">kristina@professionalfengshui.com<\/a><\/span><\/strong><\/p>\n<p><span style=\"color: #8c0101;\"><strong>Elismer\u0151 nyilatkozat<\/strong><\/span><\/p>\n<p><strong><a href=\"http:\/\/asztrologiamester.com\/wp-content\/uploads\/2016\/12\/kov\u00e1cs-izabella.jpg\"><img loading=\"lazy\" class=\"alignright wp-image-559\" src=\"http:\/\/asztrologiamester.com\/wp-content\/uploads\/2016\/12\/kov\u00e1cs-izabella-273x300.jpg\" alt=\"kovacs-izabella\" width=\"193\" height=\"212\" srcset=\"https:\/\/asztrologiamester.com\/asztrologiamester\/wp-content\/uploads\/2016\/12\/kov\u00e1cs-izabella-273x300.jpg 273w, https:\/\/asztrologiamester.com\/asztrologiamester\/wp-content\/uploads\/2016\/12\/kov\u00e1cs-izabella.jpg 532w\" sizes=\"(max-width: 193px) 100vw, 193px\" \/><\/a>\u201cKedves Krisztina,<\/strong><\/p>\n<p><strong>Nagyon h\u00e1l\u00e1s vagyok a veled val\u00f3 konzult\u00e1ci\u00f3k\u00e9rt. Mindig jobban \u00e9s sokkal optimist\u00e1bban \u00e9rzem magam besz\u00e9lget\u00e9seink ut\u00e1n. \u00c9n az a fajta ember vagyok, aki hajlamos sokat agg\u00f3dni a j\u00f6v\u0151 miatt, de a konzult\u00e1ci\u00f3kat k\u00f6vet\u0151en vettem \u00e9szre, hogy sokkal nyugodtabbnak vagy a jelenlegi helyzetemet \u00e9s a j\u00f6v\u0151beli \u00e9letemet tekintve.<\/strong><\/p>\n<p><strong>Nagyon hasznosnak tal\u00e1ltam a K\u00ednai Asztrol\u00f3gia konzult\u00e1ci\u00f3t veled \u00e9s most m\u00e1r \u00e9n is jobban \u00e9rtem a szem\u00e9lyis\u00e9gjegyeimet. \u00a0Azt is tudom pontosan, hogy melyik peri\u00f3dus alatt kell jobban figyelnem a k\u00f6zelg\u0151 lehet\u0151s\u00e9gekre, amiket tal\u00e1n\u00a0 m\u00e1sk\u00fcl\u00f6nben elmulasztan\u00e9k. M\u00e9g tudatosabb vagyok az \u00e9letemmel. M\u00e9g mindig az elej\u00e9n vagyok a spiritu\u00e1lis utamnak, m\u00e9g sokat kell tanulnom \u00e9s k\u00f6sz\u00f6n\u00f6m, hogy a r\u00e9sze vagy ennek \ud83d\ude42<\/strong><\/p>\n<p><strong>Szeretettel\u201d<\/strong><\/p>\n<p><strong>Kov\u00e1cs Izabella<\/strong><\/p>\n","protected":false},"excerpt":{"rendered":"<p>Kezd\u0151 K\u00ednai Asztrol\u00f3gia Kurzus Tematik\u00e1ja Mit mondtak a kliensek a Krisztina Mesterrel val\u00f3 konzult\u00e1ci\u00f3r\u00f3l? F\u00f6ldi \u00e9s Mennyei \u00e1gak Rejtett F\u00f6ldi \u00e1gak Rejtett Mennyei \u00e1gak Rejtett F\u00f6ldi \u00e9s Mennyei \u00e1gak kombin\u00e1ci\u00f3ja Huszonn\u00e9gy Chi Hogyan vizsg\u00e1ljunk meg egy horoszk\u00f3pot? Sap San kreat\u00edv ciklus Sap San ciklusok Mennyei \u00c1gak Sap San ciklusai F\u00f6ldi \u00c1gak Sap San ciklusai 12 &hellip; <\/p>\n","protected":false},"author":1,"featured_media":0,"parent":15,"menu_order":0,"comment_status":"closed","ping_status":"closed","template":"","meta":[],"_links":{"self":[{"href":"https:\/\/asztrologiamester.com\/asztrologiamester\/wp-json\/wp\/v2\/pages\/732"}],"collection":[{"href":"https:\/\/asztrologiamester.com\/asztrologiamester\/wp-json\/wp\/v2\/pages"}],"about":[{"href":"https:\/\/asztrologiamester.com\/asztrologiamester\/wp-json\/wp\/v2\/types\/page"}],"author":[{"embeddable":true,"href":"https:\/\/asztrologiamester.com\/asztrologiamester\/wp-json\/wp\/v2\/users\/1"}],"replies":[{"embeddable":true,"href":"https:\/\/asztrologiamester.com\/asztrologiamester\/wp-json\/wp\/v2\/comments?post=732"}],"version-history":[{"count":8,"href":"https:\/\/asztrologiamester.com\/asztrologiamester\/wp-json\/wp\/v2\/pages\/732\/revisions"}],"predecessor-version":[{"id":1792,"href":"https:\/\/asztrologiamester.com\/asztrologiamester\/wp-json\/wp\/v2\/pages\/732\/revisions\/1792"}],"up":[{"embeddable":true,"href":"https:\/\/asztrologiamester.com\/asztrologiamester\/wp-json\/wp\/v2\/pages\/15"}],"wp:attachment":[{"href":"https:\/\/asztrologiamester.com\/asztrologiamester\/wp-json\/wp\/v2\/media?parent=732"}],"curies":[{"name":"wp","href":"https:\/\/api.w.org\/{rel}","templated":true}]}}