{"id":2208,"date":"2026-01-14T21:37:10","date_gmt":"2026-01-14T19:37:10","guid":{"rendered":"http:\/\/asztrologiamester.com\/asztrologiamester\/?page_id=2208"},"modified":"2026-01-14T21:41:55","modified_gmt":"2026-01-14T19:41:55","slug":"feng-shui-foundation-kurzus-b-modul","status":"publish","type":"page","link":"https:\/\/asztrologiamester.com\/asztrologiamester\/feng-shui-foundation-kurzus-b-modul\/","title":{"rendered":"FENG SHUI FOUNDATION kurzus B modul"},"content":{"rendered":"\t\t<div data-elementor-type=\"wp-page\" data-elementor-id=\"2208\" class=\"elementor elementor-2208\" data-elementor-settings=\"[]\">\n\t\t\t\t\t\t<div class=\"elementor-inner\">\n\t\t\t\t\t\t\t<div class=\"elementor-section-wrap\">\n\t\t\t\t\t\t\t<section class=\"elementor-section elementor-top-section elementor-element elementor-element-a3fe78a elementor-section-boxed elementor-section-height-default elementor-section-height-default\" data-id=\"a3fe78a\" data-element_type=\"section\">\n\t\t\t\t\t\t<div class=\"elementor-container elementor-column-gap-default\">\n\t\t\t\t\t\t\t<div class=\"elementor-row\">\n\t\t\t\t\t<div class=\"elementor-column elementor-col-100 elementor-top-column elementor-element elementor-element-1b2691f\" data-id=\"1b2691f\" data-element_type=\"column\">\n\t\t\t<div class=\"elementor-column-wrap elementor-element-populated\">\n\t\t\t\t\t\t\t<div class=\"elementor-widget-wrap\">\n\t\t\t\t\t\t<div class=\"elementor-element elementor-element-428d37f elementor-widget elementor-widget-heading\" data-id=\"428d37f\" data-element_type=\"widget\" data-widget_type=\"heading.default\">\n\t\t\t\t<div class=\"elementor-widget-container\">\n\t\t\t<h2 class=\"elementor-heading-title elementor-size-default\">Chue Style<\/h2>\t\t<\/div>\n\t\t\t\t<\/div>\n\t\t\t\t<div class=\"elementor-element elementor-element-8f4dc4e elementor-widget elementor-widget-text-editor\" data-id=\"8f4dc4e\" data-element_type=\"widget\" data-widget_type=\"text-editor.default\">\n\t\t\t\t<div class=\"elementor-widget-container\">\n\t\t\t\t\t<div class=\"elementor-text-editor elementor-clearfix\"><p>A B modul elm\u00e9ly\u00edti az A modulban megalapozott ismereteket, \u00e9s az \u00e9let- \u00e9s munkater\u00fcletek gyakorlati \u00e9rtelmez\u00e9s\u00e9re \u00e9s finomhangol\u00e1s\u00e1ra \u00f6sszpontos\u00edt. Ez a modul a hallgat\u00f3kat a klasszikus feng shui elm\u00e9leti meg\u00e9rt\u00e9s\u00e9t\u0151l a gyakorlati, val\u00f3s alkalmaz\u00e1sig vezeti el.<\/p><\/div>\n\t\t\t\t<\/div>\n\t\t\t\t<\/div>\n\t\t\t\t<div class=\"elementor-element elementor-element-b91a8f1 elementor-widget elementor-widget-heading\" data-id=\"b91a8f1\" data-element_type=\"widget\" data-widget_type=\"heading.default\">\n\t\t\t\t<div class=\"elementor-widget-container\">\n\t\t\t<h3 class=\"elementor-heading-title elementor-size-default\">A modul tartalma:<\/h3>\t\t<\/div>\n\t\t\t\t<\/div>\n\t\t\t\t<div class=\"elementor-element elementor-element-e3e8a3a elementor-widget elementor-widget-text-editor\" data-id=\"e3e8a3a\" data-element_type=\"widget\" data-widget_type=\"text-editor.default\">\n\t\t\t\t<div class=\"elementor-widget-container\">\n\t\t\t\t\t<div class=\"elementor-text-editor elementor-clearfix\"><ul><li>A Qi min\u0151s\u00e9g\u00e9nek \u00e9s mozg\u00e1s\u00e1nak m\u00e9lyebb meg\u00e9rt\u00e9se<\/li><li>A Yin \u00e9s Yang gyakorlati alkalmaz\u00e1sa a t\u00e9rben<\/li><li>Az \u00f6t elem \u00e9s azok kapcsolatainak m\u00e9lyebb meg\u00e9rt\u00e9se<\/li><li>A Bagua egy\u00e9rtelm\u0171 \u00e9s \u00e9rz\u00e9keny alkalmaz\u00e1sa<\/li><li>Szobaenk\u00e9nti energetikai elemz\u00e9s (h\u00e1l\u00f3szoba, nappali, konyha, munkater\u00fclet)<\/li><li>Az id\u0151, a v\u00e1ltoz\u00e1s \u00e9s a mozg\u00e1s meg\u00e9rt\u00e9se a Feng Shui-ban<\/li><li>A finom zavarok \u00e9s az energetikai stagn\u00e1l\u00e1s felismer\u00e9se<\/li><li>Az egyens\u00falyhi\u00e1ny korrekci\u00f3ja visszafogotts\u00e1ggal \u00e9s pontoss\u00e1ggal<\/li><\/ul><\/div>\n\t\t\t\t<\/div>\n\t\t\t\t<\/div>\n\t\t\t\t<div class=\"elementor-element elementor-element-6386f55 elementor-widget elementor-widget-heading\" data-id=\"6386f55\" data-element_type=\"widget\" data-widget_type=\"heading.default\">\n\t\t\t\t<div class=\"elementor-widget-container\">\n\t\t\t<h3 class=\"elementor-heading-title elementor-size-default\">Kinek sz\u00f3l ez a modul:<\/h3>\t\t<\/div>\n\t\t\t\t<\/div>\n\t\t\t\t<div class=\"elementor-element elementor-element-2279cb8 elementor-widget elementor-widget-text-editor\" data-id=\"2279cb8\" data-element_type=\"widget\" data-widget_type=\"text-editor.default\">\n\t\t\t\t<div class=\"elementor-widget-container\">\n\t\t\t\t\t<div class=\"elementor-text-editor elementor-clearfix\"><p>Ez a modul azoknak a hallgat\u00f3knak aj\u00e1nlott, akik m\u00e1r elv\u00e9gezt\u00e9k az A modult, vagy m\u00e1r rendelkeznek alapvet\u0151 ismeretekkel a feng shui elveir\u0151l. K\u00fcl\u00f6n\u00f6sen azoknak a gyakorl\u00f3knak hasznos, akik ink\u00e1bb a magabiztoss\u00e1got, a finoms\u00e1got \u00e9s a m\u00e9lys\u00e9get keresik, mint a dekorat\u00edv megold\u00e1sokat.<\/p><p>A B modul a megk\u00fcl\u00f6nb\u00f6ztet\u0151 k\u00e9pess\u00e9get, az \u00e9rz\u00e9kenys\u00e9get \u00e9s az \u00e9rz\u00e9kel\u00e9sbe vetett bizalmat fejleszti. A hallgat\u00f3k nem r\u00f6gz\u00edtett k\u00e9pleteket alkalmaznak, hanem megtanulj\u00e1k, hogyan reag\u00e1ljanak intelligensen a t\u00e9r \u00e9lhet\u0151s\u00e9g\u00e9re.<\/p><\/div>\n\t\t\t\t<\/div>\n\t\t\t\t<\/div>\n\t\t\t\t\t\t<\/div>\n\t\t\t\t\t<\/div>\n\t\t<\/div>\n\t\t\t\t\t\t\t\t<\/div>\n\t\t\t\t\t<\/div>\n\t\t<\/section>\n\t\t\t\t\t\t<\/div>\n\t\t\t\t\t\t<\/div>\n\t\t\t\t\t<\/div>\n\t\t","protected":false},"excerpt":{"rendered":"<p>Chue Style A B modul elm\u00e9ly\u00edti az A modulban megalapozott ismereteket, \u00e9s az \u00e9let- \u00e9s munkater\u00fcletek gyakorlati \u00e9rtelmez\u00e9s\u00e9re \u00e9s finomhangol\u00e1s\u00e1ra \u00f6sszpontos\u00edt. Ez a modul a hallgat\u00f3kat a klasszikus feng shui elm\u00e9leti meg\u00e9rt\u00e9s\u00e9t\u0151l a gyakorlati, val\u00f3s alkalmaz\u00e1sig vezeti el. A modul tartalma: A Qi min\u0151s\u00e9g\u00e9nek \u00e9s mozg\u00e1s\u00e1nak m\u00e9lyebb meg\u00e9rt\u00e9se A Yin \u00e9s Yang gyakorlati alkalmaz\u00e1sa a &hellip; <\/p>\n","protected":false},"author":1,"featured_media":0,"parent":0,"menu_order":0,"comment_status":"closed","ping_status":"closed","template":"","meta":[],"_links":{"self":[{"href":"https:\/\/asztrologiamester.com\/asztrologiamester\/wp-json\/wp\/v2\/pages\/2208"}],"collection":[{"href":"https:\/\/asztrologiamester.com\/asztrologiamester\/wp-json\/wp\/v2\/pages"}],"about":[{"href":"https:\/\/asztrologiamester.com\/asztrologiamester\/wp-json\/wp\/v2\/types\/page"}],"author":[{"embeddable":true,"href":"https:\/\/asztrologiamester.com\/asztrologiamester\/wp-json\/wp\/v2\/users\/1"}],"replies":[{"embeddable":true,"href":"https:\/\/asztrologiamester.com\/asztrologiamester\/wp-json\/wp\/v2\/comments?post=2208"}],"version-history":[{"count":4,"href":"https:\/\/asztrologiamester.com\/asztrologiamester\/wp-json\/wp\/v2\/pages\/2208\/revisions"}],"predecessor-version":[{"id":2212,"href":"https:\/\/asztrologiamester.com\/asztrologiamester\/wp-json\/wp\/v2\/pages\/2208\/revisions\/2212"}],"wp:attachment":[{"href":"https:\/\/asztrologiamester.com\/asztrologiamester\/wp-json\/wp\/v2\/media?parent=2208"}],"curies":[{"name":"wp","href":"https:\/\/api.w.org\/{rel}","templated":true}]}}